{"id":31245,"date":"2022-06-06T08:17:50","date_gmt":"2022-06-06T06:17:50","guid":{"rendered":"https:\/\/www.ivo.es\/politica-de-cookies\/"},"modified":"2025-05-15T12:50:40","modified_gmt":"2025-05-15T10:50:40","slug":"politica-de-cookies","status":"publish","type":"page","link":"https:\/\/www.ivo.es\/val\/politica-de-cookies\/","title":{"rendered":"Pol\u00edtica de cookies"},"content":{"rendered":"\n<ol class=\"wp-block-list\">\n<li>Qu\u00e8 s\u00f3n les Cookies?<br>Aquest lloc web utilitza cookies i\/o tecnologies similars que emmagatzemen i recuperen informaci\u00f3 quan navegues. En particular, les Cookies s\u00f3n arxius que els llocs web o les aplicacions instal\u00b7len en el navegador o en el dispositiu (per exemple; tel\u00e8fon intel\u00b7ligent, tauleta o ordinador) de l&#8217;usuari durant el seu recorregut per les p\u00e0gines del lloc o per l&#8217;aplicaci\u00f3. En general, aquestes tecnologies poden servir per a finalitats molt diverses, com, per exemple, recon\u00e9ixer-te com a usuari, obtindre informaci\u00f3 sobre els teus h\u00e0bits de navegaci\u00f3, o personalitzar la forma en qu\u00e8 es mostra el contingut. Els usos concrets que fem d&#8217;aquestes tecnologies es descriuen a continuaci\u00f3<\/li>\n<\/ol>\n\n\n\n<p>A continuaci\u00f3, trobar\u00e0 informaci\u00f3 detallada sobre qu\u00e8 s\u00f3n les Cookies, quin tipus de Cookies utilitza aquest lloc web i com pot configurar-les o desactivar-les en el seu navegador.<\/p>\n\n\n\n<p>Com la majoria dels llocs en internet, aquest lloc web utilitza Cookies per a:<\/p>\n\n\n\n<p>\u2013 Assegurar que les p\u00e0gines web poden funcionar correctament.<\/p>\n\n\n\n<p>\u2013 Emmagatzemar les prefer\u00e8ncies, com l&#8217;idioma que ha seleccionat o la grand\u00e0ria de lletra.<\/p>\n\n\n\n<p>\u2013 Con\u00e9ixer l&#8217;experi\u00e8ncia de navegaci\u00f3 de l&#8217;usuari.<\/p>\n\n\n\n<p>\u2013 Recopilar informaci\u00f3 estad\u00edstica an\u00f2nima, com a quines p\u00e0gines ha visitat l&#8217;usuari o quant temps ha rom\u00e0s en el lloc web.<\/p>\n\n\n\n<p>L&#8217;\u00fas de Cookies permet optimitzar la navegaci\u00f3, adaptant la informaci\u00f3 i els serveis oferits als interessos de l&#8217;usuari, per a proporcionar-li una millor experi\u00e8ncia sempre que visita el lloc web. Aquest lloc web utilitza Cookies per a funcionar, adaptar i facilitar al m\u00e0xim la navegaci\u00f3 de l&#8217;usuari.<\/p>\n\n\n\n<ol class=\"wp-block-list\">\n<li>Tipologia, finalitat i funcionament.<\/li>\n<\/ol>\n\n\n\n<p>Les Cookies, en funci\u00f3 de la seua perman\u00e8ncia, poden dividir-se en Cookies:<\/p>\n\n\n\n<p>\u2013 De sessi\u00f3: Expiren quan l&#8217;usuari tanca el navegador.<\/p>\n\n\n\n<p>\u2013 Permanents: Expiren quan es compleix l&#8217;objectiu per al qual serveixen (per exemple, perqu\u00e8 l&#8217;usuari es mantinga identificat en el lloc web) o b\u00e9 quan s&#8217;esborren manualment.<\/p>\n\n\n\n<p>Addicionalment, en funci\u00f3 del seu objectiu, les Cookies poden classificar-se de la seg\u00fcent forma:<\/p>\n\n\n\n<p>\u2013 Estrictament necess\u00e0ries (t\u00e8cniques): S\u00f3n aquelles imprescindibles per al correcte funcionament de la p\u00e0gina. Normalment es generen quan l&#8217;usuari accedeix al lloc web o inicia sessi\u00f3 en el mateix i s&#8217;utilitzen per a identificar-li en el lloc web amb els seg\u00fcents objectius: (i) mantindre a l&#8217;usuari identificat de manera que, si abandona el lloc web, el navegador o el dispositiu, i en un altre moment torna a accedir a aquest lloc web, seguir\u00e0 identificat, facilitant aix\u00ed la seua navegaci\u00f3 sense haver de tornar a identificar-se; i (*ii) comprovar si l&#8217;usuari est\u00e0 autoritzat per a accedir a uns certs serveis o zones del lloc web.<\/p>\n\n\n\n<p>\u2013 De rendiment: S&#8217;utilitzen per a millorar l&#8217;experi\u00e8ncia de navegaci\u00f3 i optimitzar el funcionament del lloc web, com, per exemple, emmagatzemar les configuracions de serveis, o emmagatzemar la compra realitzada en un carret de la compra.<\/p>\n\n\n\n<p>\u2013 De publicitat: S\u00f3n aquelles que recapten informaci\u00f3 sobre els anuncis mostrats als usuaris del lloc web. Poden ser de dos tipus: (i) an\u00f2nimes: nom\u00e9s recopilen informaci\u00f3 sobre els espais publicitaris mostrats en el lloc web, amb independ\u00e8ncia de l&#8217;usuari que accedeix al lloc web, \u00e9s a dir, sense identificar-li expressament; i (*ii) personalitzades: recopilen informaci\u00f3 personal de l&#8217;usuari del lloc web per part d&#8217;un tercer, per a la personalitzaci\u00f3 d&#8217;aquests espais publicitaris.<\/p>\n\n\n\n<p>\u2013 De geolocalitzaci\u00f3: Aquestes Cookies s&#8217;utilitzen per a esbrinar en quin pa\u00eds o regi\u00f3 es troba l&#8217;usuari quan accedeix a un servei del lloc web amb la finalitat d&#8217;oferir-li continguts o serveis adequats a la seua localitzaci\u00f3.<\/p>\n\n\n\n<p>\u2013 Anal\u00edtiques: Recopilen informaci\u00f3 sobre l&#8217;experi\u00e8ncia de navegaci\u00f3 de l&#8217;usuari en el lloc web, normalment de manera an\u00f2nima, encara que a vegades tamb\u00e9 permeten identificar de manera \u00fanica i inequ\u00edvoca a l&#8217;usuari amb la finalitat d&#8217;obtindre informes sobre els interessos dels usuaris en els serveis que ofereix el lloc web.<\/p>\n\n\n\n<ol start=\"2\" class=\"wp-block-list\">\n<li>Cookies utilitzades en aquest lloc web.<br>A continuaci\u00f3, es mostra una taula amb les Cookies utilitzades en aquest lloc web, incorporant un criteri de \u201cnivell d&#8217;intrusivitat\u201d recolzat en una escala de l&#8217;1 al 3, en la qual:<\/li>\n<\/ol>\n\n\n\n<p>Nivell 1: es correspon amb Cookies estrictament necess\u00e0ries per a la prestaci\u00f3 del propi servei sol\u00b7licitat per l&#8217;usuari.<\/p>\n\n\n\n<p>Nivell 2: es correspon amb Cookies de rendiment (an\u00f2nimes) necess\u00e0ries per al manteniment de continguts i navegaci\u00f3, de les quals nom\u00e9s \u00e9s necessari informar sobre la seua exist\u00e8ncia.<\/p>\n\n\n\n<p>Nivell 3: es correspon amb Cookies gestionades per tercers que permeten el seguiment de l&#8217;usuari a trav\u00e9s de webs de les quals el responsable d&#8217;aquesta web no \u00e9s titular. Normalment es corresponen amb Cookies de publicitat o d&#8217;anal\u00edtiques on s&#8217;identifica a l&#8217;usuari de manera \u00fanica i evident.<\/p>\n\n\n<table class=\"wt-cli-element cookielawinfo-row-cat-table cookielawinfo-classic\"><thead><tr><th scope=\"col\" class=\"cookielawinfo-column-1\">Cookie<\/th><th scope=\"col\" class=\"cookielawinfo-column-2\">Type<\/th><th scope=\"col\" class=\"cookielawinfo-column-3\">Duration<\/th><th scope=\"col\" class=\"cookielawinfo-column-4\">Description<\/th><\/tr><\/thead><tbody><tr class=\"cookielawinfo-row\"><td colspan=\"4\" class=\"cookielawinfo-column-empty\"><\/td><\/tr><\/tbody><\/table>\n\n\n\n<ol start=\"3\" class=\"wp-block-list\">\n<li>Deshabilitar l&#8217;\u00fas de Cookies.<br>Si l&#8217;usuari aix\u00ed ho desitja, \u00e9s possible deixar d&#8217;acceptar les Cookies del navegador, o deixar d&#8217;acceptar les Cookies d&#8217;un servei en particular.<\/li>\n<\/ol>\n\n\n\n<p>Tots els navegadors moderns permeten canviar la configuraci\u00f3 de Cookies. Aquests ajustos normalment es troben en les \u201cOpcions\u201d o \u201cPrefer\u00e8ncies\u201d del men\u00fa del navegador.<\/p>\n\n\n\n<p>L&#8217;usuari podr\u00e0, en qualsevol moment, deshabilitar l&#8217;\u00fas de Cookies en aquest lloc web mitjan\u00e7ant la configuraci\u00f3 de navegador, per exemple:<\/p>\n\n\n\n<p>\u2013 Google Chrome:<\/p>\n\n\n\n<p>http:\/\/support.google.com\/chrome\/bin\/answer.py?hl=es&#038;answer=95647<\/p>\n\n\n\n<p>\u2013 Internet Explorer:<\/p>\n\n\n\n<p>http:\/\/windows.microsoft.com\/es-es\/windows7\/how-to-manage-cookies-in-internet-explorer-9<\/p>\n\n\n\n<p>\u2013 *Mozilla Firefox:<\/p>\n\n\n\n<p><a href=\"https:\/\/support.mozilla.org\/es\/kb\/habilitar-y-deshabilitar-cookies-sitios-web-rastrear-preferencias\">https:\/\/support.mozilla.org\/es\/kb\/habilitar-y-deshabilitar-cookies-sitios-web-rastrear-preferencias<\/a><\/p>\n\n\n\n<p>\u2013 Apple Safari<\/p>\n\n\n\n<p>http:\/\/support.apple.com\/kb\/ph5042<\/p>\n\n\n\n<p>\u2013 Altres eines de tercers, disponibles en l\u00ednia, que permeten als usuaris detectar les Cookies en cada lloc web que visita i gestionar la seua desactivaci\u00f3 (per exemple, *Ghostery: http:\/\/www.ghostery.com\/privacy-statement).<\/p>\n\n\n\n<ol start=\"4\" class=\"wp-block-list\">\n<li>Qu\u00e8 ocorre en deshabilitar les Cookies?<br>Algunes funcionalitats i serveis poden quedar deshabilitats o tindre un comportament diferent a l&#8217;esperat com, per exemple, romandre identificat, mantindre les compres en el \u201ccarret de la compra\u201d en un servei de comer\u00e7 electr\u00f2nic o rebre informaci\u00f3 dirigida a la seua localitzaci\u00f3, entre altres.<\/li>\n<\/ol>\n\n\n\n<p>Si deshabilita l&#8217;\u00fas de Cookies en aquest lloc web \u00e9s probable que deixe de poder accedir a unes certes zones del mateix o que es degrade notablement l&#8217;experi\u00e8ncia de navegaci\u00f3 en aquest.<\/p>\n\n\n\n<ol start=\"5\" class=\"wp-block-list\">\n<li>Google *Analytics.<br>Google *Analytics \u00e9s una eina gratu\u00efta d&#8217;an\u00e0lisi web de Google que principalment permet que els propietaris de llocs web coneguen com interactuen els usuaris amb el seu lloc web. Aix\u00ed mateix, habilita Cookies en el domini del lloc en el qual et trobes i utilitza un conjunt de Cookies denominades \u201c<strong><em>utma\u201d i \u201c<\/em><\/strong>utmz\u201d per a recopilar informaci\u00f3 de manera an\u00f2nima i elaborar informes de tend\u00e8ncies de llocs web sense identificar a usuaris individuals.<\/li>\n<\/ol>\n\n\n\n<p>Per a realitzar les estad\u00edstiques d&#8217;\u00fas d&#8217;aquesta Web utilitzem les Cookies amb la finalitat de con\u00e9ixer el nivell de recurr\u00e8ncia dels nostres visitants i els continguts que resulten m\u00e9s interessants. D&#8217;aquesta manera podem concentrar els nostres esfor\u00e7os a millorar les \u00e0rees m\u00e9s visitades i fer que l&#8217;usuari trobe m\u00e9s f\u00e0cilment el que cerca. En aquesta Web pot utilitzar-se la informaci\u00f3 de la seua visita per a realitzar avaluacions i c\u00e0lculs estad\u00edstics sobre dades an\u00f2nimes, aix\u00ed com per a garantir la continu\u00eftat del servei o per a realitzar millores en els seus llocs web. Per a m\u00e9s detalls, consulte en el seg\u00fcent enllace la pol\u00edtica de privacitat:<\/p>\n\n\n\n<p>http:\/\/www.google.com\/intl\/es\/policies\/privacy\/<\/p>\n\n\n\n<ol start=\"6\" class=\"wp-block-list\">\n<li>Consentiment informat.<br>La utilitzaci\u00f3 de la present p\u00e0gina Web per la seua part implica que Vost\u00e9 presta el seu consentiment expr\u00e9s i inequ\u00edvoc a la utilitzaci\u00f3 de Cookies, en els termes i condicions previstos en aquesta Pol\u00edtica de Cookies, sense perjudici de les mesures de desactivaci\u00f3 i eliminaci\u00f3 de les Cookies que Vost\u00e9 puga adoptar.<\/li>\n\n\n\n<li>Actualitzaci\u00f3 de la Pol\u00edtica de Cookies.<br>L&#8217;IVO pot modificar aquesta Pol\u00edtica de Cookies en funci\u00f3 d&#8217;exig\u00e8ncies legislatives, reglament\u00e0ries, o amb la finalitat d&#8217;adaptar aquesta pol\u00edtica a les instruccions dictades per l&#8217;Ag\u00e8ncia Espanyola de Protecci\u00f3 de Dades, per aix\u00f2 s&#8217;aconsella als usuaris que la visiten peri\u00f2dicament. Quan es produ\u00efsquen canvis significatius en aquesta Pol\u00edtica de Cookies, l&#8217;IVO procedir\u00e0 a plasmar-los en la web.<\/li>\n<\/ol>\n","protected":false},"excerpt":{"rendered":"<p>A continuaci\u00f3, trobar\u00e0 informaci\u00f3 detallada sobre qu\u00e8 s\u00f3n les Cookies, quin tipus de Cookies utilitza aquest lloc web i com pot configurar-les o desactivar-les en el seu navegador. Com la majoria dels llocs en internet, aquest lloc web utilitza Cookies per a: \u2013 Assegurar que les p\u00e0gines web poden funcionar correctament. \u2013 Emmagatzemar les prefer\u00e8ncies, [&hellip;]<\/p>\n","protected":false},"author":3,"featured_media":30019,"parent":0,"menu_order":0,"comment_status":"closed","ping_status":"closed","template":"","meta":{"_acf_changed":false,"om_disable_all_campaigns":false,"footnotes":""},"class_list":["post-31245","page","type-page","status-publish","has-post-thumbnail","hentry"],"acf":[],"aioseo_notices":[],"_links":{"self":[{"href":"https:\/\/www.ivo.es\/val\/wp-json\/wp\/v2\/pages\/31245","targetHints":{"allow":["GET"]}}],"collection":[{"href":"https:\/\/www.ivo.es\/val\/wp-json\/wp\/v2\/pages"}],"about":[{"href":"https:\/\/www.ivo.es\/val\/wp-json\/wp\/v2\/types\/page"}],"author":[{"embeddable":true,"href":"https:\/\/www.ivo.es\/val\/wp-json\/wp\/v2\/users\/3"}],"replies":[{"embeddable":true,"href":"https:\/\/www.ivo.es\/val\/wp-json\/wp\/v2\/comments?post=31245"}],"version-history":[{"count":3,"href":"https:\/\/www.ivo.es\/val\/wp-json\/wp\/v2\/pages\/31245\/revisions"}],"predecessor-version":[{"id":40998,"href":"https:\/\/www.ivo.es\/val\/wp-json\/wp\/v2\/pages\/31245\/revisions\/40998"}],"wp:featuredmedia":[{"embeddable":true,"href":"https:\/\/www.ivo.es\/val\/wp-json\/wp\/v2\/media\/30019"}],"wp:attachment":[{"href":"https:\/\/www.ivo.es\/val\/wp-json\/wp\/v2\/media?parent=31245"}],"curies":[{"name":"wp","href":"https:\/\/api.w.org\/{rel}","templated":true}]}}